t the prime factors of 12214.
2, 31, 197
What are the prime factors of 2120?
2, 5, 53
What are the prime factors of 43415?
5, 19, 457
What are the prime factors of 10378?
2, 5189
List the prime factors of 24247.
24247
List the prime factors of 967.
967
What are the prime factors of 5073?
3, 19, 89
List the prime factors of 659.
659
What are the prime factors of 2849?
7, 11, 37
What are the prime factors of 758?
2, 379
What are the prime factors of 2858?
2, 1429
List the prime factors of 23238.
2, 3, 1291
List the prime factors of 1944.
2, 3
List the prime factors of 11806.
2, 5903
List the prime factors of 1517.
37, 41
List the prime factors of 3742.
2, 1871
List the prime factors of 4203.
3, 467
What are the prime factors of 14660?
2, 5, 733
What are the prime factors of 4236?
2, 3, 353
List the prime factors of 8480.
2, 5, 53
List the prime factors of 6948.
2, 3, 193
List the prime factors of 59196.
2, 3, 4933
List the prime factors of 66863.
66863
What are the prime factors of 30423?
3, 10141
List the prime factors of 6034.
2, 7, 431
What are the prime factors of 15663?
3, 23, 227
What are the prime factors of 22341?
3, 11, 677
What are the prime factors of 4807?
11, 19, 23
List the prime factors of 25259.
13, 29, 67
What are the prime factors of 155478?
2, 3, 25913
List the prime factors of 42330.
2, 3, 5, 17, 83
List the prime factors of 21211.
21211
List the prime factors of 3428.
2, 857
List the prime factors of 3656.
2, 457
List the prime factors of 1006.
2, 503
What are the prime factors of 130216?
2, 41, 397
What are the prime factors of 545?
5, 109
What are the prime factors of 1464?
2, 3, 61
List the prime factors of 17089.
23, 743
What are the prime factors of 4507?
4507
What are the prime factors of 53968?
2, 3373
What are the prime factors of 189?
3, 7
What are the prime factors of 105694?
2, 43, 1229
List the prime factors of 71.
71
List the prime factors of 1059.
3, 353
What are the prime factors of 40996?
2, 37, 277
What are the prime factors of 30481?
11, 17, 163
List the prime factors of 17737.
17737
List the prime factors of 20461.
7, 37, 79
What are the prime factors of 753?
3, 251
What are the prime factors of 2801?
2801
What are the prime factors of 94647?
3, 7, 4507
List the prime factors of 3547.
3547
List the prime factors of 263.
263
List the prime factors of 3430.
2, 5, 7
List the prime factors of 1287.
3, 11, 13
What are the prime factors of 1638?
2, 3, 7, 13
What are the prime factors of 77141?
77141
List the prime factors of 30488.
2, 37, 103
What are the prime factors of 16367?
13, 1259
List the prime factors of 1814.
2, 907
What are the prime factors of 36135?
3, 5, 11, 73
What are the prime factors of 4801?
4801
List the prime factors of 4443.
3, 1481
List the prime factors of 3216.
2, 3, 67
List the prime factors of 7130.
2, 5, 23, 31
What are the prime factors of 56897?
56897
List the prime factors of 350.
2, 5, 7
List the prime factors of 1553.
1553
List the prime factors of 80479.
7, 11497
List the prime factors of 3632.
2, 227
List the prime factors of 6689.
6689
What are the prime factors of 2468?
2, 617
List the prime factors of 100913.
100913
List the prime factors of 51239.
51239
What are the prime factors of 7371?
3, 7, 13
List the prime factors of 69388.
2, 11, 19, 83
What are the prime factors of 14905?
5, 11, 271
List the prime factors of 5755.
5, 1151
List the prime factors of 2785.
5, 557
What are the prime factors of 3828?
2, 3, 11, 29
List the prime factors of 45607.
59, 773
List the prime factors of 13984.
2, 19, 23
What are the prime factors of 7732?
2, 1933
List the prime factors of 4698.
2, 3, 29
What are the prime factors of 19815?
3, 5, 1321
List the prime factors of 3831.
3, 1277
List the prime factors of 14120.
2, 5, 353
What are the prime factors of 61221?
3, 20407
What are the prime factors of 149800?
2, 5, 7, 107
What are the prime factors of 1882?
2, 941
List the prime factors of 622.
2, 311
What are the prime factors of 62462?
2, 31231
What are the prime factors of 816?
2, 3, 17
What are the prime factors of 28272?
2, 3, 19, 31
What are the prime factors of 749?
7, 107
List the prime factors of 433.
433
List the prime factors of 1502.
2, 751
What are the prime factors of 58384?
2, 41, 89
What are the prime factors of 37?
37
List the prime factors of 67230.
2, 3, 5, 83
List the prime factors of 42793.
42793
List the prime factors of 937.
937
What are the prime factors of 2798?
2, 1399
What are the prime factors of 5185?
5, 17, 61
List the prime factors of 107841.
3, 103, 349
What are the prime factors of 76656?
2, 3, 1597
List the prime factors of 775.
5, 31
List the prime factors of 18775.
5, 751
What are the prime factors of 1894?
2, 947
List the prime factors of 14344.
2, 11, 163
What are the prime factors of 170?
2, 5, 17
List the prime factors of 7073.
11, 643
What are the prime factors of 21564?
2, 3, 599
What are the prime factors of 9499?
7, 23, 59
What are the prime factors of 37368?
2, 3, 173
What are the prime factors of 1912?
2, 239
What are the prime factors of 461?
461
List the prime factors of 3244.
2, 811
List the prime factors of 69859.
69859
List the prime factors of 135193.
135193
What are the prime factors of 8959?
17, 31
What are the prime factors of 3035?
5, 607
What are the prime factors of 13112?
2, 11, 149
What are the prime factors of 11211?
3, 37, 101
What are the prime factors of 3715?
5, 743
What are the prime factors of 49631?
31, 1601
What are the prime factors of 826?
2, 7, 59
List the prime factors of 791.
7, 113
What are the prime factors of 58744?
2, 7, 1049
What are the prime factors of 50984?
2, 6373
List the prime factors of 754.
2, 13, 29
What are the prime factors of 34751?
19, 31, 59
What are the prime factors of 1457?
31, 47
List the prime factors of 43307.
11, 31, 127
List the prime factors of 1006.
2, 503
What are the prime factors of 58496?
2, 457
What are the prime factors of 89?
89
What are the prime factors of 10553?
61, 173
What are the prime factors of 936?
2, 3, 13
What are the prime factors of 500?
2, 5
What are the prime factors of 22653?
3, 839
List the prime factors of 26013.
3, 13, 23, 29
What are the prime factors of 17578?
2, 11, 17, 47
List the prime factors of 3462.
2, 3, 577
List the prime factors of 2576.
2, 7, 23
What are the prime factors of 85873?
79, 1087
List the prime factors of 592.
2, 37
What are the prime factors of 8355?
3, 5, 557
What are the prime factors of 17458?
2, 7, 29, 43
List the prime factors of 3028.
2, 757
What are the prime factors of 13693?
13693
What are the prime factors of 128073?
3, 11, 3881
What are the prime factors of 37609?
11, 13, 263
List the prime factors of 2225.
5, 89
What are the prime factors of 1013?
1013
What are the prime factors of 1451?
1451
List the prime factors of 572.
2, 11, 13
List the prime factors of 44596.
2, 11149
What are the prime factors of 14665?
5, 7, 419
What are the prime factors of 3708?
2, 3, 103
List the prime factors of 13564.
2, 3391
What are the prime factors of 138518?
2, 69259
List the prime factors of 9036.
2, 3, 251
What are the prime factors of 30771?
3, 13, 263
What are the prime factors of 685?
5, 137
What are the prime factors of 30829?
30829
What are the prime factors of 10802?
2, 11, 491
What are the prime factors of 40174?
2, 53, 379
What are the prime factors of 116116?
2, 7, 11, 13, 29
List the prime factors of 18623.
11, 1693
What are the prime factors of 1910?
2, 5, 191
What are the prime factors of 164836?
2, 7, 29
List the prime factors of 20.
2, 5
List the prime factors of 10623.
3, 3541
What are the prime factors of 809?
809
What are the prime factors of 16116?
2, 3, 17, 79
What are the prime factors of 6271?
6271
What are the prime factors of 100?
2, 5
List the prime factors of 2541.
3, 7, 11
List the prime factors of 118105.
5, 13, 23, 79
List the prime factors of 10129.
7, 1447
What are the prime factors of 1702?
2, 23, 37
What are the prime factors of 32918?
2, 109, 151
What are the prime factors of 965?
5, 193
What are the prime factors of 13878?
2, 3, 257
List the prime factors of 2193.
3, 17, 43
What are the prime factors of 273?
3, 7, 13
What are the prime factors of 16825?
5, 673
List the prime factors of 2994.
2, 3, 499
L